{"id":944,"date":"2019-05-22T12:32:11","date_gmt":"2019-05-22T10:32:11","guid":{"rendered":"https:\/\/www.vm-int.de\/?page_id=944"},"modified":"2019-06-27T14:05:06","modified_gmt":"2019-06-27T12:05:06","slug":"identitaet","status":"publish","type":"page","link":"https:\/\/vm-international.de\/en\/identitaet\/","title":{"rendered":"Identity"},"content":{"rendered":"<div class=\"wpb-content-wrapper\"><div class=\"vc_row element-row row vc_custom_1555570924897 highend_vc_custom_1555570924897\"><div class=\"wpb_column vc_column_container vc_col-sm-12\"><div class=\"vc_column-inner\"><div class=\"wpb_wrapper\">\n\t<div class=\"wpb_text_column wpb_content_element vc_custom_1558521064571\" >\n\t\t<div class=\"wpb_wrapper\">\n\t\t\t<h1 style=\"text-align: center;\">Our identity<\/h1>\n<h3 style=\"text-align: center;\"><strong>VM-International<\/strong><\/h3>\n\n\t\t<\/div>\n\t<\/div>\n<div class=\"vc_separator wpb_content_element vc_separator_align_center vc_sep_width_100 vc_sep_pos_align_center vc_separator_no_text vc_custom_1556104368991 wpb_content_element  vc_custom_1556104368991 wpb_content_element\" ><span class=\"vc_sep_holder vc_sep_holder_l\"><span style=\"border-color:#bababa;\" class=\"vc_sep_line\"><\/span><\/span><span class=\"vc_sep_holder vc_sep_holder_r\"><span style=\"border-color:#bababa;\" class=\"vc_sep_line\"><\/span><\/span>\n<\/div><div class=\"vc_row element-row vc_inner row\"><div class=\"wpb_column vc_column_container vc_col-sm-4\"><div class=\"vc_column-inner\"><div class=\"wpb_wrapper\">\n\t<div class=\"wpb_text_column wpb_content_element\" >\n\t\t<div class=\"wpb_wrapper\">\n\t\t\t<p><img loading=\"lazy\" decoding=\"async\" class=\"schatten balken aligncenter wp-image-951\" src=\"https:\/\/www.vm-int.de\/wp-content\/uploads\/2019\/05\/logo_bfp.jpg\" alt=\"\" width=\"250\" height=\"250\" srcset=\"\" sizes=\"auto, (max-width: 250px) 100vw, 250px\" data-srcset=\"\" \/><\/p>\n\n\t\t<\/div>\n\t<\/div>\n<\/div><\/div><\/div><div class=\"wpb_column vc_column_container vc_col-sm-8\"><div class=\"vc_column-inner\"><div class=\"wpb_wrapper\">\n\t<div class=\"wpb_text_column wpb_content_element\" >\n\t\t<div class=\"wpb_wrapper\">\n\t\t\t<h2><span style=\"color: #980b11;\">Wir sind Bundeswerk des Bundes Freikirchlicher Pfingstgemeinden Kd\u00f6R (BFP)<\/span><\/h2>\n<p>VM-International is the mission arm of the BFP and adheres to its statement of faith. The BFP is a church movement consisting of independent local congregations. As a Pentecostal, Bible-believing free church, the BFP is in fellowship in faith and ministry with the global Pentecostal movement. As a ministry of the BFP, we are closely connected with local churches and support them in fulfilling God\u2019s mission.<\/p>\n\n\t\t<\/div>\n\t<\/div>\n<\/div><\/div><\/div><\/div><div class=\"vc_separator wpb_content_element vc_separator_align_center vc_sep_width_100 vc_sep_pos_align_center vc_separator_no_text vc_custom_1556104368991 wpb_content_element  vc_custom_1556104368991 wpb_content_element\" ><span class=\"vc_sep_holder vc_sep_holder_l\"><span style=\"border-color:#bababa;\" class=\"vc_sep_line\"><\/span><\/span><span class=\"vc_sep_holder vc_sep_holder_r\"><span style=\"border-color:#bababa;\" class=\"vc_sep_line\"><\/span><\/span>\n<\/div><div class=\"vc_row element-row vc_inner row\"><div class=\"wpb_column vc_column_container vc_col-sm-4\"><div class=\"vc_column-inner\"><div class=\"wpb_wrapper\">\n\t<div class=\"wpb_text_column wpb_content_element\" >\n\t\t<div class=\"wpb_wrapper\">\n\t\t\t<p><img loading=\"lazy\" decoding=\"async\" class=\"schatten aligncenter wp-image-950\" src=\"https:\/\/www.vm-int.de\/wp-content\/uploads\/2019\/05\/logo_aem_apcm-300x300.jpg\" alt=\"\" width=\"250\" height=\"250\" srcset=\"\" sizes=\"auto, (max-width: 250px) 100vw, 250px\" data-srcset=\"\" \/><\/p>\n\n\t\t<\/div>\n\t<\/div>\n<\/div><\/div><\/div><div class=\"wpb_column vc_column_container vc_col-sm-8\"><div class=\"vc_column-inner\"><div class=\"wpb_wrapper\">\n\t<div class=\"wpb_text_column wpb_content_element vm_bullets\" >\n\t\t<div class=\"wpb_wrapper\">\n\t\t\t<h2><span style=\"color: #980b11;\">We are members of interdenominational umbrella organizations<\/span><\/h2>\n<p>As VM, we belong to the following umbrella organizations:<\/p>\n<ul>\n<li>AEM (Association of Evangelical Missions)<\/li>\n<li>APCM (Association of Pentecostal and Charismatic Missions)<\/li>\n<\/ul>\n<p>The tasks in mission are diverse and cannot be accomplished by a single organization alone. Therefore, through working together, we experience mutual support, complementarity, and fellowship, enabling us to fulfill the mission more effectively together.<\/p>\n\n\t\t<\/div>\n\t<\/div>\n<\/div><\/div><\/div><\/div><div class=\"vc_separator wpb_content_element vc_separator_align_center vc_sep_width_100 vc_sep_pos_align_center vc_separator_no_text vc_custom_1556104368991 wpb_content_element  vc_custom_1556104368991 wpb_content_element\" ><span class=\"vc_sep_holder vc_sep_holder_l\"><span style=\"border-color:#bababa;\" class=\"vc_sep_line\"><\/span><\/span><span class=\"vc_sep_holder vc_sep_holder_r\"><span style=\"border-color:#bababa;\" class=\"vc_sep_line\"><\/span><\/span>\n<\/div><div class=\"vc_row element-row vc_inner row\"><div class=\"wpb_column vc_column_container vc_col-sm-4\"><div class=\"vc_column-inner\"><div class=\"wpb_wrapper\">\n\t<div class=\"wpb_text_column wpb_content_element\" >\n\t\t<div class=\"wpb_wrapper\">\n\t\t\t<p><img loading=\"lazy\" decoding=\"async\" class=\"schatten aligncenter wp-image-949\" src=\"https:\/\/www.vm-int.de\/wp-content\/uploads\/2019\/05\/partner-300x300.jpg\" alt=\"\" width=\"250\" height=\"250\" srcset=\"\" sizes=\"auto, (max-width: 250px) 100vw, 250px\" data-srcset=\"\" \/><\/p>\n\n\t\t<\/div>\n\t<\/div>\n<\/div><\/div><\/div><div class=\"wpb_column vc_column_container vc_col-sm-8\"><div class=\"vc_column-inner\"><div class=\"wpb_wrapper\">\n\t<div class=\"wpb_text_column wpb_content_element vm_bullets\" >\n\t\t<div class=\"wpb_wrapper\">\n\t\t\t<h2><span style=\"color: #980b11;\">We are partners for church movements and organizations in the countries where we serve<\/span><\/h2>\n<p>Whenever possible, we work in partnership in the country of service with church movements and organizations connected to the BFP. This platform provides our workers with accountability, support, and integration.<\/p>\n\n\t\t<\/div>\n\t<\/div>\n<\/div><\/div><\/div><\/div><div class=\"vc_separator wpb_content_element vc_separator_align_center vc_sep_width_100 vc_sep_pos_align_center vc_separator_no_text vc_custom_1556104368991 wpb_content_element  vc_custom_1556104368991 wpb_content_element\" ><span class=\"vc_sep_holder vc_sep_holder_l\"><span style=\"border-color:#bababa;\" class=\"vc_sep_line\"><\/span><\/span><span class=\"vc_sep_holder vc_sep_holder_r\"><span style=\"border-color:#bababa;\" class=\"vc_sep_line\"><\/span><\/span>\n<\/div><div class=\"vc_row element-row vc_inner row\"><div class=\"wpb_column vc_column_container vc_col-sm-4\"><div class=\"vc_column-inner\"><div class=\"wpb_wrapper\">\n\t<div class=\"wpb_text_column wpb_content_element\" >\n\t\t<div class=\"wpb_wrapper\">\n\t\t\t<p><img loading=\"lazy\" decoding=\"async\" class=\"schatten alignnone wp-image-955 aligncenter\" src=\"https:\/\/www.vm-int.de\/wp-content\/uploads\/2019\/05\/partner-Church-300x300.jpg\" alt=\"\" width=\"250\" height=\"250\" srcset=\"\" sizes=\"auto, (max-width: 250px) 100vw, 250px\" data-srcset=\"\" \/><\/p>\n\n\t\t<\/div>\n\t<\/div>\n<\/div><\/div><\/div><div class=\"wpb_column vc_column_container vc_col-sm-8\"><div class=\"vc_column-inner\"><div class=\"wpb_wrapper\">\n\t<div class=\"wpb_text_column wpb_content_element vm_bullets\" >\n\t\t<div class=\"wpb_wrapper\">\n\t\t\t<h2><span style=\"color: #980b11;\">We are partners of the sending church<\/span><\/h2>\n<p>When the spiritual strength of a local church is combined with the experience of a mission organization, new dimensions for world mission are opened. That is why VM seeks to partner with churches. Workers who have proven themselves in a local church are among the most resilient and effective missionaries.<\/p>\n<p>Rarely, if ever, does a single local church have all gifts and ministries available in unlimited measure; it depends on being complemented by other churches. Within VM, these gifts and ministries are brought together, enabling a wider range of needs on the mission field to be covered. For the financial support of an ICW (Intercultural Worker), VM provides a broader framework by partnering with many churches and mission supporters, thereby relieving and supporting the local church.<\/p>\n\n\t\t<\/div>\n\t<\/div>\n<\/div><\/div><\/div><\/div><div class=\"vc_separator wpb_content_element vc_separator_align_center vc_sep_width_100 vc_sep_pos_align_center vc_separator_no_text vc_custom_1556104368991 wpb_content_element  vc_custom_1556104368991 wpb_content_element\" ><span class=\"vc_sep_holder vc_sep_holder_l\"><span style=\"border-color:#bababa;\" class=\"vc_sep_line\"><\/span><\/span><span class=\"vc_sep_holder vc_sep_holder_r\"><span style=\"border-color:#bababa;\" class=\"vc_sep_line\"><\/span><\/span>\n<\/div><\/div><\/div><\/div><\/div>\n<\/div>","protected":false},"excerpt":{"rendered":"Unsere Identit\u00e4t VM-International Wir sind Bundeswerk des Bundes Freikirchlicher Pfingstgemeinden Kd\u00f6R (BFP) Die VM-International ist Au\u00dfenmission des BFP und bekennt [...]","protected":false},"author":1,"featured_media":22,"parent":0,"menu_order":0,"comment_status":"closed","ping_status":"closed","template":"","meta":{"footnotes":""},"class_list":["post-944","page","type-page","status-publish","has-post-thumbnail","hentry"],"_links":{"self":[{"href":"https:\/\/vm-international.de\/en\/wp-json\/wp\/v2\/pages\/944","targetHints":{"allow":["GET"]}}],"collection":[{"href":"https:\/\/vm-international.de\/en\/wp-json\/wp\/v2\/pages"}],"about":[{"href":"https:\/\/vm-international.de\/en\/wp-json\/wp\/v2\/types\/page"}],"author":[{"embeddable":true,"href":"https:\/\/vm-international.de\/en\/wp-json\/wp\/v2\/users\/1"}],"replies":[{"embeddable":true,"href":"https:\/\/vm-international.de\/en\/wp-json\/wp\/v2\/comments?post=944"}],"version-history":[{"count":11,"href":"https:\/\/vm-international.de\/en\/wp-json\/wp\/v2\/pages\/944\/revisions"}],"predecessor-version":[{"id":1377,"href":"https:\/\/vm-international.de\/en\/wp-json\/wp\/v2\/pages\/944\/revisions\/1377"}],"wp:featuredmedia":[{"embeddable":true,"href":"https:\/\/vm-international.de\/en\/wp-json\/wp\/v2\/media\/22"}],"wp:attachment":[{"href":"https:\/\/vm-international.de\/en\/wp-json\/wp\/v2\/media?parent=944"}],"curies":[{"name":"wp","href":"https:\/\/api.w.org\/{rel}","templated":true}]}}

<div class="wpb-content-wrapper"><div class="vc_row element-row row vc_custom_1555570924897 highend_vc_custom_1555570924897"><div class="wpb_column vc_column_container vc_col-sm-12"><div class="vc_column-inner"><div class="wpb_wrapper">
	<div class="wpb_text_column wpb_content_element vc_custom_1558521064571" >
		<div class="wpb_wrapper">
			<h1 style="text-align: center;">Our identity</h1>
<h3 style="text-align: center;"><strong>VM-International</strong></h3>

		</div>
	</div>
<div class="vc_separator wpb_content_element vc_separator_align_center vc_sep_width_100 vc_sep_pos_align_center vc_separator_no_text vc_custom_1556104368991 wpb_content_element  vc_custom_1556104368991 wpb_content_element" ><span class="vc_sep_holder vc_sep_holder_l"><span style="border-color:#bababa;" class="vc_sep_line"></span></span><span class="vc_sep_holder vc_sep_holder_r"><span style="border-color:#bababa;" class="vc_sep_line"></span></span>
</div><div class="vc_row element-row vc_inner row"><div class="wpb_column vc_column_container vc_col-sm-4"><div class="vc_column-inner"><div class="wpb_wrapper">
	<div class="wpb_text_column wpb_content_element" >
		<div class="wpb_wrapper">
			<p><img loading="lazy" decoding="async" class="schatten balken aligncenter wp-image-951" src="https://www.vm-int.de/wp-content/uploads/2019/05/logo_bfp.jpg" alt="" width="250" height="250" srcset="" sizes="auto, (max-width: 250px) 100vw, 250px" data-srcset="" /></p>

		</div>
	</div>
</div></div></div><div class="wpb_column vc_column_container vc_col-sm-8"><div class="vc_column-inner"><div class="wpb_wrapper">
	<div class="wpb_text_column wpb_content_element" >
		<div class="wpb_wrapper">
			<h2><span style="color: #980b11;">Wir sind Bundeswerk des Bundes Freikirchlicher Pfingstgemeinden KdöR (BFP)</span></h2>
<p>VM-International is the mission arm of the BFP and adheres to its statement of faith. The BFP is a church movement consisting of independent local congregations. As a Pentecostal, Bible-believing free church, the BFP is in fellowship in faith and ministry with the global Pentecostal movement. As a ministry of the BFP, we are closely connected with local churches and support them in fulfilling God’s mission.</p>

		</div>
	</div>
</div></div></div></div><div class="vc_separator wpb_content_element vc_separator_align_center vc_sep_width_100 vc_sep_pos_align_center vc_separator_no_text vc_custom_1556104368991 wpb_content_element  vc_custom_1556104368991 wpb_content_element" ><span class="vc_sep_holder vc_sep_holder_l"><span style="border-color:#bababa;" class="vc_sep_line"></span></span><span class="vc_sep_holder vc_sep_holder_r"><span style="border-color:#bababa;" class="vc_sep_line"></span></span>
</div><div class="vc_row element-row vc_inner row"><div class="wpb_column vc_column_container vc_col-sm-4"><div class="vc_column-inner"><div class="wpb_wrapper">
	<div class="wpb_text_column wpb_content_element" >
		<div class="wpb_wrapper">
			<p><img loading="lazy" decoding="async" class="schatten aligncenter wp-image-950" src="https://www.vm-int.de/wp-content/uploads/2019/05/logo_aem_apcm-300x300.jpg" alt="" width="250" height="250" srcset="" sizes="auto, (max-width: 250px) 100vw, 250px" data-srcset="" /></p>

		</div>
	</div>
</div></div></div><div class="wpb_column vc_column_container vc_col-sm-8"><div class="vc_column-inner"><div class="wpb_wrapper">
	<div class="wpb_text_column wpb_content_element vm_bullets" >
		<div class="wpb_wrapper">
			<h2><span style="color: #980b11;">We are members of interdenominational umbrella organizations</span></h2>
<p>As VM, we belong to the following umbrella organizations:</p>
<ul>
<li>AEM (Association of Evangelical Missions)</li>
<li>APCM (Association of Pentecostal and Charismatic Missions)</li>
</ul>
<p>The tasks in mission are diverse and cannot be accomplished by a single organization alone. Therefore, through working together, we experience mutual support, complementarity, and fellowship, enabling us to fulfill the mission more effectively together.</p>

		</div>
	</div>
</div></div></div></div><div class="vc_separator wpb_content_element vc_separator_align_center vc_sep_width_100 vc_sep_pos_align_center vc_separator_no_text vc_custom_1556104368991 wpb_content_element  vc_custom_1556104368991 wpb_content_element" ><span class="vc_sep_holder vc_sep_holder_l"><span style="border-color:#bababa;" class="vc_sep_line"></span></span><span class="vc_sep_holder vc_sep_holder_r"><span style="border-color:#bababa;" class="vc_sep_line"></span></span>
</div><div class="vc_row element-row vc_inner row"><div class="wpb_column vc_column_container vc_col-sm-4"><div class="vc_column-inner"><div class="wpb_wrapper">
	<div class="wpb_text_column wpb_content_element" >
		<div class="wpb_wrapper">
			<p><img loading="lazy" decoding="async" class="schatten aligncenter wp-image-949" src="https://www.vm-int.de/wp-content/uploads/2019/05/partner-300x300.jpg" alt="" width="250" height="250" srcset="" sizes="auto, (max-width: 250px) 100vw, 250px" data-srcset="" /></p>

		</div>
	</div>
</div></div></div><div class="wpb_column vc_column_container vc_col-sm-8"><div class="vc_column-inner"><div class="wpb_wrapper">
	<div class="wpb_text_column wpb_content_element vm_bullets" >
		<div class="wpb_wrapper">
			<h2><span style="color: #980b11;">We are partners for church movements and organizations in the countries where we serve</span></h2>
<p>Whenever possible, we work in partnership in the country of service with church movements and organizations connected to the BFP. This platform provides our workers with accountability, support, and integration.</p>

		</div>
	</div>
</div></div></div></div><div class="vc_separator wpb_content_element vc_separator_align_center vc_sep_width_100 vc_sep_pos_align_center vc_separator_no_text vc_custom_1556104368991 wpb_content_element  vc_custom_1556104368991 wpb_content_element" ><span class="vc_sep_holder vc_sep_holder_l"><span style="border-color:#bababa;" class="vc_sep_line"></span></span><span class="vc_sep_holder vc_sep_holder_r"><span style="border-color:#bababa;" class="vc_sep_line"></span></span>
</div><div class="vc_row element-row vc_inner row"><div class="wpb_column vc_column_container vc_col-sm-4"><div class="vc_column-inner"><div class="wpb_wrapper">
	<div class="wpb_text_column wpb_content_element" >
		<div class="wpb_wrapper">
			<p><img loading="lazy" decoding="async" class="schatten alignnone wp-image-955 aligncenter" src="https://www.vm-int.de/wp-content/uploads/2019/05/partner-Church-300x300.jpg" alt="" width="250" height="250" srcset="" sizes="auto, (max-width: 250px) 100vw, 250px" data-srcset="" /></p>

		</div>
	</div>
</div></div></div><div class="wpb_column vc_column_container vc_col-sm-8"><div class="vc_column-inner"><div class="wpb_wrapper">
	<div class="wpb_text_column wpb_content_element vm_bullets" >
		<div class="wpb_wrapper">
			<h2><span style="color: #980b11;">We are partners of the sending church</span></h2>
<p>When the spiritual strength of a local church is combined with the experience of a mission organization, new dimensions for world mission are opened. That is why VM seeks to partner with churches. Workers who have proven themselves in a local church are among the most resilient and effective missionaries.</p>
<p>Rarely, if ever, does a single local church have all gifts and ministries available in unlimited measure; it depends on being complemented by other churches. Within VM, these gifts and ministries are brought together, enabling a wider range of needs on the mission field to be covered. For the financial support of an ICW (Intercultural Worker), VM provides a broader framework by partnering with many churches and mission supporters, thereby relieving and supporting the local church.</p>

		</div>
	</div>
</div></div></div></div><div class="vc_separator wpb_content_element vc_separator_align_center vc_sep_width_100 vc_sep_pos_align_center vc_separator_no_text vc_custom_1556104368991 wpb_content_element  vc_custom_1556104368991 wpb_content_element" ><span class="vc_sep_holder vc_sep_holder_l"><span style="border-color:#bababa;" class="vc_sep_line"></span></span><span class="vc_sep_holder vc_sep_holder_r"><span style="border-color:#bababa;" class="vc_sep_line"></span></span>
</div></div></div></div></div>
</div>

Unsere Identität VM-International Wir sind Bundeswerk des Bundes Freikirchlicher Pfingstgemeinden KdöR (BFP) Die VM-International ist Außenmission des BFP und bekennt [...]
