{"id":514,"date":"2019-04-25T08:46:25","date_gmt":"2019-04-25T06:46:25","guid":{"rendered":"https:\/\/www.vm-int.de\/?page_id=514"},"modified":"2023-01-26T15:00:32","modified_gmt":"2023-01-26T14:00:32","slug":"vision","status":"publish","type":"page","link":"https:\/\/vm-international.de\/en\/vision\/","title":{"rendered":"Vision"},"content":{"rendered":"<div class=\"wpb-content-wrapper\"><div class=\"vc_row element-row row vc_custom_1555570924897 highend_vc_custom_1555570924897\"><div class=\"wpb_column vc_column_container vc_col-sm-12\"><div class=\"vc_column-inner\"><div class=\"wpb_wrapper\">\n\t<div class=\"wpb_text_column wpb_content_element vc_custom_1556174749423\" >\n\t\t<div class=\"wpb_wrapper\">\n\t\t\t<h1 style=\"text-align: center;\"><strong>Unsere Vision ist die Welt<\/strong><\/h1>\n<h3 style=\"text-align: center;\"><strong>Berufung f\u00f6rdern | Aussenden | Begleiten<\/strong><\/h3>\n\n\t\t<\/div>\n\t<\/div>\n\n\t<div class=\"wpb_text_column wpb_content_element vc_custom_1622192809413\" >\n\t\t<div class=\"wpb_wrapper\">\n\t\t\t<p style=\"text-align: center;\">Seit 1954 sendet die Velberter Mission Menschen als Botschafter in alle Welt, damit sie die gute Nachricht von Jesus Christus durch gelebtes Christsein Menschen aller Nationen h\u00f6rbar und greifbar machen. An diesem Auftrag hat sich nichts ge\u00e4ndert. Seit 2019 geschieht dies unter dem Namen &#8220;VM-International&#8221;. Nach wie vor sehen wir unsere Hauptaufgabe im Senden von Christen in Partnerschaft mit den Gemeinden, das hei\u00dft, wir arbeiten als VM nicht vordergr\u00fcndig projektorientiert, sondern sehen die Berufung des Mitarbeiters im Mittelpunkt.<\/p>\n\n\t\t<\/div>\n\t<\/div>\n<div class=\"vc_separator wpb_content_element vc_separator_align_center vc_sep_width_100 vc_sep_pos_align_center vc_separator_no_text vc_custom_1556176530015 wpb_content_element  vc_custom_1556176530015 wpb_content_element\" id=\"berufung\"><span class=\"vc_sep_holder vc_sep_holder_l\"><span style=\"border-color:#bababa;\" class=\"vc_sep_line\"><\/span><\/span><span class=\"vc_sep_holder vc_sep_holder_r\"><span style=\"border-color:#bababa;\" class=\"vc_sep_line\"><\/span><\/span>\n<\/div><div id=\"berufung\" class=\"vc_row element-row vc_inner row\"><div class=\"wpb_column vc_column_container vc_col-sm-4\"><div class=\"vc_column-inner\"><div class=\"wpb_wrapper\">\n\t<div class=\"wpb_text_column wpb_content_element\" >\n\t\t<div class=\"wpb_wrapper\">\n\t\t\t<p><img loading=\"lazy\" decoding=\"async\" class=\"alignnone wp-image-156 size-full\" src=\"https:\/\/www.vm-int.de\/wp-content\/uploads\/2019\/04\/Berufung-F\u00f6rdern.jpg\" alt=\"\" width=\"800\" height=\"500\" srcset=\"https:\/\/vm-international.de\/wp-content\/uploads\/2019\/04\/Berufung-F\u00f6rdern.jpg 800w, https:\/\/vm-international.de\/wp-content\/uploads\/2019\/04\/Berufung-F\u00f6rdern-300x188.jpg 300w, https:\/\/vm-international.de\/wp-content\/uploads\/2019\/04\/Berufung-F\u00f6rdern-768x480.jpg 768w\" sizes=\"auto, (max-width: 800px) 100vw, 800px\" \/><\/p>\n\n\t\t<\/div>\n\t<\/div>\n<\/div><\/div><\/div><div class=\"wpb_column vc_column_container vc_col-sm-8\"><div class=\"vc_column-inner\"><div class=\"wpb_wrapper\">\n\t<div class=\"wpb_text_column wpb_content_element\" >\n\t\t<div class=\"wpb_wrapper\">\n\t\t\t<h2><span style=\"color: #980b11;\">Berufungs\u00adorientiert<\/span><\/h2>\n<h3>Wir f\u00f6rdern Berufungen, beraten und unterst\u00fctzen<\/h3>\n<p>Wenn Gott jemand in den weltweiten, interkulturellen Dienst ruft, wird dies sowohl durch andere Personen als auch durch die eigene Biographie best\u00e4tigt. In unserem Bewerbungsverfahren pr\u00fcfen wir die Berufung und geben pers\u00f6nliche Orientierungshilfe, wie und wo ein Dienst realisiert werden kann. Dazu geh\u00f6ren beratende Gespr\u00e4che, Ausloten der Notwendigkeit im Zielland sowie Unterst\u00fctzung in den Anfangsschritten bei der Umsetzung der Berufung.<\/p>\n\n\t\t<\/div>\n\t<\/div>\n<\/div><\/div><\/div><\/div><div class=\"vc_separator wpb_content_element vc_separator_align_center vc_sep_width_100 vc_sep_pos_align_center vc_separator_no_text vc_custom_1556176539461 wpb_content_element  vc_custom_1556176539461 wpb_content_element\" id=\"aussenden\"><span class=\"vc_sep_holder vc_sep_holder_l\"><span style=\"border-color:#bababa;\" class=\"vc_sep_line\"><\/span><\/span><span class=\"vc_sep_holder vc_sep_holder_r\"><span style=\"border-color:#bababa;\" class=\"vc_sep_line\"><\/span><\/span>\n<\/div><div class=\"vc_row element-row vc_inner row\"><div class=\"wpb_column vc_column_container vc_col-sm-4\"><div class=\"vc_column-inner\"><div class=\"wpb_wrapper\">\n\t<div class=\"wpb_text_column wpb_content_element\" >\n\t\t<div class=\"wpb_wrapper\">\n\t\t\t<p><img loading=\"lazy\" decoding=\"async\" class=\"alignnone wp-image-155 size-full\" src=\"https:\/\/www.vm-int.de\/wp-content\/uploads\/2019\/04\/Aussenden.jpg\" alt=\"\" width=\"800\" height=\"500\" srcset=\"https:\/\/vm-international.de\/wp-content\/uploads\/2019\/04\/Aussenden.jpg 800w, https:\/\/vm-international.de\/wp-content\/uploads\/2019\/04\/Aussenden-300x188.jpg 300w, https:\/\/vm-international.de\/wp-content\/uploads\/2019\/04\/Aussenden-768x480.jpg 768w\" sizes=\"auto, (max-width: 800px) 100vw, 800px\" \/><\/p>\n\n\t\t<\/div>\n\t<\/div>\n<\/div><\/div><\/div><div class=\"wpb_column vc_column_container vc_col-sm-8\"><div class=\"vc_column-inner\"><div class=\"wpb_wrapper\">\n\t<div class=\"wpb_text_column wpb_content_element\" >\n\t\t<div class=\"wpb_wrapper\">\n\t\t\t<h2><span style=\"color: #980b11;\"> Sendungs\u00adorientiert <\/span><\/h2>\n<h3>Wir schaffen Grundlagen, bereiten vor und senden aus.<\/h3>\n<p>Im Anschluss an das Bewerbungsverfahren erstellen wir f\u00fcr den Kandidaten einen Zeit- und Haushaltsplan zur Vorbereitung auf den Auslandseinsatz. Fragen \u00fcber Angestelltenverh\u00e4ltnis, Versicherungen, Kindergeld, Altersvorsorge etc. werden in einer Schulungswoche abgekl\u00e4rt, in der aber auch geistliche und interkulturelle Zur\u00fcstung erlebt wird. In Zusammenarbeit mit Gemeinden werden Grundlagen f\u00fcr den Aufbau eines Freundeskreises geschaffen. Die Kontaktaufnahme zu einer Gemeindebewegung im Einsatzland bildet ebenso eine wichtige Basis. Die Entsendung geschieht im Rahmen der gesetzlichen M\u00f6glichkeiten.<\/p>\n\n\t\t<\/div>\n\t<\/div>\n<\/div><\/div><\/div><\/div><div class=\"vc_separator wpb_content_element vc_separator_align_center vc_sep_width_100 vc_sep_pos_align_center vc_separator_no_text vc_custom_1556176714027 wpb_content_element  vc_custom_1556176714027 wpb_content_element\" id=\"begleiten\"><span class=\"vc_sep_holder vc_sep_holder_l\"><span style=\"border-color:#bababa;\" class=\"vc_sep_line\"><\/span><\/span><span class=\"vc_sep_holder vc_sep_holder_r\"><span style=\"border-color:#bababa;\" class=\"vc_sep_line\"><\/span><\/span>\n<\/div><div class=\"vc_row element-row vc_inner row\"><div class=\"wpb_column vc_column_container vc_col-sm-4\"><div class=\"vc_column-inner\"><div class=\"wpb_wrapper\">\n\t<div class=\"wpb_text_column wpb_content_element\" >\n\t\t<div class=\"wpb_wrapper\">\n\t\t\t<p><img loading=\"lazy\" decoding=\"async\" class=\"alignnone wp-image-157 size-full\" src=\"https:\/\/www.vm-int.de\/wp-content\/uploads\/2019\/04\/Begleiten.jpg\" alt=\"\" width=\"800\" height=\"500\" srcset=\"https:\/\/vm-international.de\/wp-content\/uploads\/2019\/04\/Begleiten.jpg 800w, https:\/\/vm-international.de\/wp-content\/uploads\/2019\/04\/Begleiten-300x188.jpg 300w, https:\/\/vm-international.de\/wp-content\/uploads\/2019\/04\/Begleiten-768x480.jpg 768w\" sizes=\"auto, (max-width: 800px) 100vw, 800px\" \/><\/p>\n\n\t\t<\/div>\n\t<\/div>\n<\/div><\/div><\/div><div class=\"wpb_column vc_column_container vc_col-sm-8\"><div class=\"vc_column-inner\"><div class=\"wpb_wrapper\">\n\t<div class=\"wpb_text_column wpb_content_element\" >\n\t\t<div class=\"wpb_wrapper\">\n\t\t\t<h2><span style=\"color: #980b11;\">Begleitungs\u00adorientiert<br \/>\n<\/span><\/h2>\n<h3>Wir geben R\u00fcckhalt, helfen und begleiten.<\/h3>\n<p>Nach der Aussendung gibt die VM als Arbeitgeber dem Interkulturellen Mitarbeiter (IKM) R\u00fcckhalt, indem sie administrative Aufgaben erledigt, wie z.B. qualifizierte Finanzverwaltung und Buchhaltung. Sie hilft durch Projektberatung und -verwaltung, \u00d6ffentlichkeitsarbeit und Spenderpflege. Bei den unterschiedlichen Herausforderungen im Einsatzland erh\u00e4lt der IKM (Interkulturelle Mitarbeiter) kompetente Begleitung von der VM-Leitung und den Mitarbeitern in Deutschland.<br \/>\nDes Weiteren begleiten und st\u00e4rken wir unsere IKM durch <strong>Member Care<\/strong> &#8211; das hei\u00dft so viel wie &#8220;Mitarbeiter-F\u00fcrsorge&#8221; und steht f\u00fcr eine umfassende und ganzheitliche Unterst\u00fctzung und Begleitung unserer Mitarbeiter\/innen im interkulturellen Dienst.<a href=\"https:\/\/www.vm-int.de\/wp-content\/uploads\/2023\/01\/Membercare-11-2022.pdf\"> [Flyer download]<\/a><\/p>\n\n\t\t<\/div>\n\t<\/div>\n<\/div><\/div><\/div><\/div><div class=\"vc_separator wpb_content_element vc_separator_align_center vc_sep_width_100 vc_sep_pos_align_center vc_separator_no_text vc_custom_1556104368991 wpb_content_element  vc_custom_1556104368991 wpb_content_element\" ><span class=\"vc_sep_holder vc_sep_holder_l\"><span style=\"border-color:#bababa;\" class=\"vc_sep_line\"><\/span><\/span><span class=\"vc_sep_holder vc_sep_holder_r\"><span style=\"border-color:#bababa;\" class=\"vc_sep_line\"><\/span><\/span>\n<\/div><\/div><\/div><\/div><\/div>\n<\/div>","protected":false},"excerpt":{"rendered":"Unsere Vision ist die Welt Berufung f\u00f6rdern | Aussenden | Begleiten Seit 1954 sendet die Velberter Mission Menschen als Botschafter [...]","protected":false},"author":1,"featured_media":0,"parent":0,"menu_order":0,"comment_status":"closed","ping_status":"closed","template":"","meta":{"footnotes":""},"class_list":["post-514","page","type-page","status-publish","hentry"],"_links":{"self":[{"href":"https:\/\/vm-international.de\/en\/wp-json\/wp\/v2\/pages\/514","targetHints":{"allow":["GET"]}}],"collection":[{"href":"https:\/\/vm-international.de\/en\/wp-json\/wp\/v2\/pages"}],"about":[{"href":"https:\/\/vm-international.de\/en\/wp-json\/wp\/v2\/types\/page"}],"author":[{"embeddable":true,"href":"https:\/\/vm-international.de\/en\/wp-json\/wp\/v2\/users\/1"}],"replies":[{"embeddable":true,"href":"https:\/\/vm-international.de\/en\/wp-json\/wp\/v2\/comments?post=514"}],"version-history":[{"count":14,"href":"https:\/\/vm-international.de\/en\/wp-json\/wp\/v2\/pages\/514\/revisions"}],"predecessor-version":[{"id":2964,"href":"https:\/\/vm-international.de\/en\/wp-json\/wp\/v2\/pages\/514\/revisions\/2964"}],"wp:attachment":[{"href":"https:\/\/vm-international.de\/en\/wp-json\/wp\/v2\/media?parent=514"}],"curies":[{"name":"wp","href":"https:\/\/api.w.org\/{rel}","templated":true}]}}

<div class="wpb-content-wrapper"><div class="vc_row element-row row vc_custom_1555570924897 highend_vc_custom_1555570924897"><div class="wpb_column vc_column_container vc_col-sm-12"><div class="vc_column-inner"><div class="wpb_wrapper">
	<div class="wpb_text_column wpb_content_element vc_custom_1556174749423" >
		<div class="wpb_wrapper">
			<h1 style="text-align: center;"><strong>Unsere Vision ist die Welt</strong></h1>
<h3 style="text-align: center;"><strong>Berufung fördern | Aussenden | Begleiten</strong></h3>

		</div>
	</div>

	<div class="wpb_text_column wpb_content_element vc_custom_1622192809413" >
		<div class="wpb_wrapper">
			<p style="text-align: center;">Seit 1954 sendet die Velberter Mission Menschen als Botschafter in alle Welt, damit sie die gute Nachricht von Jesus Christus durch gelebtes Christsein Menschen aller Nationen hörbar und greifbar machen. An diesem Auftrag hat sich nichts geändert. Seit 2019 geschieht dies unter dem Namen &#8220;VM-International&#8221;. Nach wie vor sehen wir unsere Hauptaufgabe im Senden von Christen in Partnerschaft mit den Gemeinden, das heißt, wir arbeiten als VM nicht vordergründig projektorientiert, sondern sehen die Berufung des Mitarbeiters im Mittelpunkt.</p>

		</div>
	</div>
<div class="vc_separator wpb_content_element vc_separator_align_center vc_sep_width_100 vc_sep_pos_align_center vc_separator_no_text vc_custom_1556176530015 wpb_content_element  vc_custom_1556176530015 wpb_content_element" id="berufung"><span class="vc_sep_holder vc_sep_holder_l"><span style="border-color:#bababa;" class="vc_sep_line"></span></span><span class="vc_sep_holder vc_sep_holder_r"><span style="border-color:#bababa;" class="vc_sep_line"></span></span>
</div><div id="berufung" class="vc_row element-row vc_inner row"><div class="wpb_column vc_column_container vc_col-sm-4"><div class="vc_column-inner"><div class="wpb_wrapper">
	<div class="wpb_text_column wpb_content_element" >
		<div class="wpb_wrapper">
			<p><img loading="lazy" decoding="async" class="alignnone wp-image-156 size-full" src="https://www.vm-int.de/wp-content/uploads/2019/04/Berufung-Fördern.jpg" alt="" width="800" height="500" srcset="https://vm-international.de/wp-content/uploads/2019/04/Berufung-Fördern.jpg 800w, https://vm-international.de/wp-content/uploads/2019/04/Berufung-Fördern-300x188.jpg 300w, https://vm-international.de/wp-content/uploads/2019/04/Berufung-Fördern-768x480.jpg 768w" sizes="auto, (max-width: 800px) 100vw, 800px" /></p>

		</div>
	</div>
</div></div></div><div class="wpb_column vc_column_container vc_col-sm-8"><div class="vc_column-inner"><div class="wpb_wrapper">
	<div class="wpb_text_column wpb_content_element" >
		<div class="wpb_wrapper">
			<h2><span style="color: #980b11;">Berufungs­orientiert</span></h2>
<h3>Wir fördern Berufungen, beraten und unterstützen</h3>
<p>Wenn Gott jemand in den weltweiten, interkulturellen Dienst ruft, wird dies sowohl durch andere Personen als auch durch die eigene Biographie bestätigt. In unserem Bewerbungsverfahren prüfen wir die Berufung und geben persönliche Orientierungshilfe, wie und wo ein Dienst realisiert werden kann. Dazu gehören beratende Gespräche, Ausloten der Notwendigkeit im Zielland sowie Unterstützung in den Anfangsschritten bei der Umsetzung der Berufung.</p>

		</div>
	</div>
</div></div></div></div><div class="vc_separator wpb_content_element vc_separator_align_center vc_sep_width_100 vc_sep_pos_align_center vc_separator_no_text vc_custom_1556176539461 wpb_content_element  vc_custom_1556176539461 wpb_content_element" id="aussenden"><span class="vc_sep_holder vc_sep_holder_l"><span style="border-color:#bababa;" class="vc_sep_line"></span></span><span class="vc_sep_holder vc_sep_holder_r"><span style="border-color:#bababa;" class="vc_sep_line"></span></span>
</div><div class="vc_row element-row vc_inner row"><div class="wpb_column vc_column_container vc_col-sm-4"><div class="vc_column-inner"><div class="wpb_wrapper">
	<div class="wpb_text_column wpb_content_element" >
		<div class="wpb_wrapper">
			<p><img loading="lazy" decoding="async" class="alignnone wp-image-155 size-full" src="https://www.vm-int.de/wp-content/uploads/2019/04/Aussenden.jpg" alt="" width="800" height="500" srcset="https://vm-international.de/wp-content/uploads/2019/04/Aussenden.jpg 800w, https://vm-international.de/wp-content/uploads/2019/04/Aussenden-300x188.jpg 300w, https://vm-international.de/wp-content/uploads/2019/04/Aussenden-768x480.jpg 768w" sizes="auto, (max-width: 800px) 100vw, 800px" /></p>

		</div>
	</div>
</div></div></div><div class="wpb_column vc_column_container vc_col-sm-8"><div class="vc_column-inner"><div class="wpb_wrapper">
	<div class="wpb_text_column wpb_content_element" >
		<div class="wpb_wrapper">
			<h2><span style="color: #980b11;"> Sendungs­orientiert </span></h2>
<h3>Wir schaffen Grundlagen, bereiten vor und senden aus.</h3>
<p>Im Anschluss an das Bewerbungsverfahren erstellen wir für den Kandidaten einen Zeit- und Haushaltsplan zur Vorbereitung auf den Auslandseinsatz. Fragen über Angestelltenverhältnis, Versicherungen, Kindergeld, Altersvorsorge etc. werden in einer Schulungswoche abgeklärt, in der aber auch geistliche und interkulturelle Zurüstung erlebt wird. In Zusammenarbeit mit Gemeinden werden Grundlagen für den Aufbau eines Freundeskreises geschaffen. Die Kontaktaufnahme zu einer Gemeindebewegung im Einsatzland bildet ebenso eine wichtige Basis. Die Entsendung geschieht im Rahmen der gesetzlichen Möglichkeiten.</p>

		</div>
	</div>
</div></div></div></div><div class="vc_separator wpb_content_element vc_separator_align_center vc_sep_width_100 vc_sep_pos_align_center vc_separator_no_text vc_custom_1556176714027 wpb_content_element  vc_custom_1556176714027 wpb_content_element" id="begleiten"><span class="vc_sep_holder vc_sep_holder_l"><span style="border-color:#bababa;" class="vc_sep_line"></span></span><span class="vc_sep_holder vc_sep_holder_r"><span style="border-color:#bababa;" class="vc_sep_line"></span></span>
</div><div class="vc_row element-row vc_inner row"><div class="wpb_column vc_column_container vc_col-sm-4"><div class="vc_column-inner"><div class="wpb_wrapper">
	<div class="wpb_text_column wpb_content_element" >
		<div class="wpb_wrapper">
			<p><img loading="lazy" decoding="async" class="alignnone wp-image-157 size-full" src="https://www.vm-int.de/wp-content/uploads/2019/04/Begleiten.jpg" alt="" width="800" height="500" srcset="https://vm-international.de/wp-content/uploads/2019/04/Begleiten.jpg 800w, https://vm-international.de/wp-content/uploads/2019/04/Begleiten-300x188.jpg 300w, https://vm-international.de/wp-content/uploads/2019/04/Begleiten-768x480.jpg 768w" sizes="auto, (max-width: 800px) 100vw, 800px" /></p>

		</div>
	</div>
</div></div></div><div class="wpb_column vc_column_container vc_col-sm-8"><div class="vc_column-inner"><div class="wpb_wrapper">
	<div class="wpb_text_column wpb_content_element" >
		<div class="wpb_wrapper">
			<h2><span style="color: #980b11;">Begleitungs­orientiert<br />
</span></h2>
<h3>Wir geben Rückhalt, helfen und begleiten.</h3>
<p>Nach der Aussendung gibt die VM als Arbeitgeber dem Interkulturellen Mitarbeiter (IKM) Rückhalt, indem sie administrative Aufgaben erledigt, wie z.B. qualifizierte Finanzverwaltung und Buchhaltung. Sie hilft durch Projektberatung und -verwaltung, Öffentlichkeitsarbeit und Spenderpflege. Bei den unterschiedlichen Herausforderungen im Einsatzland erhält der IKM (Interkulturelle Mitarbeiter) kompetente Begleitung von der VM-Leitung und den Mitarbeitern in Deutschland.<br />
Des Weiteren begleiten und stärken wir unsere IKM durch <strong>Member Care</strong> &#8211; das heißt so viel wie &#8220;Mitarbeiter-Fürsorge&#8221; und steht für eine umfassende und ganzheitliche Unterstützung und Begleitung unserer Mitarbeiter/innen im interkulturellen Dienst.<a href="https://www.vm-int.de/wp-content/uploads/2023/01/Membercare-11-2022.pdf"> [Flyer download]</a></p>

		</div>
	</div>
</div></div></div></div><div class="vc_separator wpb_content_element vc_separator_align_center vc_sep_width_100 vc_sep_pos_align_center vc_separator_no_text vc_custom_1556104368991 wpb_content_element  vc_custom_1556104368991 wpb_content_element" ><span class="vc_sep_holder vc_sep_holder_l"><span style="border-color:#bababa;" class="vc_sep_line"></span></span><span class="vc_sep_holder vc_sep_holder_r"><span style="border-color:#bababa;" class="vc_sep_line"></span></span>
</div></div></div></div></div>
</div>

Unsere Vision ist die Welt Berufung fördern | Aussenden | Begleiten Seit 1954 sendet die Velberter Mission Menschen als Botschafter [...]
