{"id":3764,"date":"2025-10-20T14:26:17","date_gmt":"2025-10-20T12:26:17","guid":{"rendered":"https:\/\/vm-international.de\/?page_id=3764"},"modified":"2025-10-20T15:56:17","modified_gmt":"2025-10-20T13:56:17","slug":"bankingnews","status":"publish","type":"page","link":"https:\/\/vm-international.de\/en\/bankingnews\/","title":{"rendered":"Banking News"},"content":{"rendered":"<div class=\"wpb-content-wrapper\"><div class=\"vc_row element-row row highend_69f743e80b985\"><div class=\"wpb_column vc_column_container vc_col-sm-12\"><div class=\"vc_column-inner\"><div class=\"wpb_wrapper\">\n\t<div class=\"wpb_text_column wpb_content_element\" >\n\t\t<div class=\"wpb_wrapper\">\n\t\t\t<h2 style=\"font-weight: 400;\"><strong>Wichtige Information zur Empf\u00e4nger\u00fcberpr\u00fcfung<\/strong><\/h2>\n<p>20. Oktober 2025<\/p>\n<p style=\"font-weight: 400;\">Liebe Spender,<\/p>\n<p style=\"font-weight: 400;\">wir bedauern sehr, dass es zurzeit so viele Fragen und Probleme rund um das Thema SEPA-\u00dcberweisung gibt. Leider haben viele Banken Schwierigkeiten bei der Umsetzung der neuen EU-Verordnung (VOP).<\/p>\n<p style=\"font-weight: 400;\">Diese beinhaltet, dass seit 9. Oktober 2025 bei SEPA-\u00dcberweisungen in der EU der IBAN-Abgleich mit dem Empf\u00e4ngernamen Pflicht ist. Viele \u00dcberweisungen werden mit dem Hinweis \u201ekeine \u00dcbereinstimmung\u201c abgewiesen.<\/p>\n<p style=\"font-weight: 400;\">Auch unsere Hausbank kann, entgegen unserem Infobrief aus September 2025, die von uns angegebenen Zahlungsempf\u00e4ngerdaten zurzeit noch nicht umsetzen.<\/p>\n<p style=\"font-weight: 400;\">Daher folgende <strong>Zwischenl\u00f6sung<\/strong> f\u00fcr Spenden an die VM-International in dieser \u00dcbergangszeit:<\/p>\n\n\t\t<\/div>\n\t<\/div>\n<div class=\"vc_row element-row vc_inner row schatten vc_custom_1760964745452 vc_row-has-fill\"><div class=\"wpb_column vc_column_container vc_col-sm-4\"><div class=\"vc_column-inner\"><div class=\"wpb_wrapper\">\n\t<div class=\"wpb_text_column wpb_content_element\" >\n\t\t<div class=\"wpb_wrapper\">\n\t\t\t<h3 style=\"font-weight: 400;\"><u>VM-International e.V.<\/u><\/h3>\n<p style=\"font-weight: 400;\">Recipient:<br \/>\n<strong>VM-International e.V.<br \/>\n<\/strong>IBAN: <strong>DE85 3702 0500 0001 3599 00<\/strong><\/p>\n\n\t\t<\/div>\n\t<\/div>\n<\/div><\/div><\/div><div class=\"wpb_column vc_column_container vc_col-sm-4\"><div class=\"vc_column-inner\"><div class=\"wpb_wrapper\">\n\t<div class=\"wpb_text_column wpb_content_element\" >\n\t\t<div class=\"wpb_wrapper\">\n\t\t\t<h3 style=\"font-weight: 400;\"><u>BFP VM-International Kd\u00f6R<\/u><\/h3>\n<p style=\"font-weight: 400;\">Recipient: <strong>Bund Freikirchlicher Pfingstgemeinden Kd\u00f6R<br \/>\n<\/strong>IBAN: <strong>DE93 3702 0500 0004 0129 00<\/strong><\/p>\n\n\t\t<\/div>\n\t<\/div>\n<\/div><\/div><\/div><div class=\"wpb_column vc_column_container vc_col-sm-4\"><div class=\"vc_column-inner\"><div class=\"wpb_wrapper\">\n\t<div class=\"wpb_text_column wpb_content_element\" >\n\t\t<div class=\"wpb_wrapper\">\n\t\t\t<h3 style=\"font-weight: 400;\"><u>F\u00f6rder-Stiftung VM-International<\/u><\/h3>\n<p style=\"font-weight: 400;\">Recipient: <strong>Bund Freikirchlicher Pfingstgemeinden Kd\u00f6R<br \/>\n<\/strong>IBAN: <strong>DE34 3702 0500 0004 2811 00<\/strong><\/p>\n\n\t\t<\/div>\n\t<\/div>\n<\/div><\/div><\/div><\/div>\n\t<div class=\"wpb_text_column wpb_content_element\" >\n\t\t<div class=\"wpb_wrapper\">\n\t\t\t<h2 style=\"text-align: center;\"><span style=\"color: #993300;\"><strong>Bitte auf die genaue Schreibweise achten!<\/strong><\/span><\/h2>\n\n\t\t<\/div>\n\t<\/div>\n\n\t<div class=\"wpb_text_column wpb_content_element\" >\n\t\t<div class=\"wpb_wrapper\">\n\t\t\t<p style=\"font-weight: 400;\">Diese EU-Verordnung betrifft nur Einzel\u00fcberweisungen, neue oder ge\u00e4nderte Dauerauftr\u00e4ge. <strong>Bereits bestehende Dauerauftr\u00e4ge sind von dieser Regelung nicht betroffen.<\/strong><\/p>\n<p style=\"font-weight: 400;\"><u>Ebenfalls gut zu wissen<\/u><strong>:<\/strong> Auch wenn die Pr\u00fcfung fehlschl\u00e4gt, also \u201ckeine \u00dcbereinstimmung\u201c gemeldet wird, k\u00f6nnen Nutzer die \u00dcberweisung, nach sorgf\u00e4ltiger Pr\u00fcfung der IBAN, auf eigenes Risiko dennoch durchf\u00fchren. In vielen F\u00e4llen liegt der Fehler schlicht am abweichenden Namen.<\/p>\n<p style=\"font-weight: 400;\">Wir sind im intensiven Austausch mit unserer Hausbank und hoffen sehr, dass hier bald eine gute L\u00f6sung gefunden wird. Wir halten euch an dieser Stelle auf dem Laufenden: https:\\\\www.vm-international.de\\bankingnews<\/p>\n<p style=\"font-weight: 400;\">F\u00fcr unsere weltweite Arbeit sind eure Spenden eine ganz entscheidende Grundlage und so hoffen wir, dass die derzeitigen technischen Herausforderungen schnell gel\u00f6st werden k\u00f6nnen.<\/p>\n<p><span style=\"font-weight: 400;\">Danke f\u00fcr eure Unterst\u00fctzung und Danke f\u00fcr eure Geduld!<\/span><\/p>\n\n\t\t<\/div>\n\t<\/div>\n<\/div><\/div><\/div><\/div>\n<\/div>","protected":false},"excerpt":{"rendered":"Wichtige Information zur Empf\u00e4nger\u00fcberpr\u00fcfung 20. Oktober 2025 Liebe Spender, wir bedauern sehr, dass es zurzeit so viele Fragen und Probleme [...]","protected":false},"author":1,"featured_media":3766,"parent":0,"menu_order":0,"comment_status":"closed","ping_status":"closed","template":"","meta":{"footnotes":""},"class_list":["post-3764","page","type-page","status-publish","has-post-thumbnail","hentry"],"_links":{"self":[{"href":"https:\/\/vm-international.de\/en\/wp-json\/wp\/v2\/pages\/3764","targetHints":{"allow":["GET"]}}],"collection":[{"href":"https:\/\/vm-international.de\/en\/wp-json\/wp\/v2\/pages"}],"about":[{"href":"https:\/\/vm-international.de\/en\/wp-json\/wp\/v2\/types\/page"}],"author":[{"embeddable":true,"href":"https:\/\/vm-international.de\/en\/wp-json\/wp\/v2\/users\/1"}],"replies":[{"embeddable":true,"href":"https:\/\/vm-international.de\/en\/wp-json\/wp\/v2\/comments?post=3764"}],"version-history":[{"count":15,"href":"https:\/\/vm-international.de\/en\/wp-json\/wp\/v2\/pages\/3764\/revisions"}],"predecessor-version":[{"id":3796,"href":"https:\/\/vm-international.de\/en\/wp-json\/wp\/v2\/pages\/3764\/revisions\/3796"}],"wp:featuredmedia":[{"embeddable":true,"href":"https:\/\/vm-international.de\/en\/wp-json\/wp\/v2\/media\/3766"}],"wp:attachment":[{"href":"https:\/\/vm-international.de\/en\/wp-json\/wp\/v2\/media?parent=3764"}],"curies":[{"name":"wp","href":"https:\/\/api.w.org\/{rel}","templated":true}]}}

<div class="wpb-content-wrapper"><div class="vc_row element-row row highend_69f743e80b985"><div class="wpb_column vc_column_container vc_col-sm-12"><div class="vc_column-inner"><div class="wpb_wrapper">
	<div class="wpb_text_column wpb_content_element" >
		<div class="wpb_wrapper">
			<h2 style="font-weight: 400;"><strong>Wichtige Information zur Empfängerüberprüfung</strong></h2>
<p>20. Oktober 2025</p>
<p style="font-weight: 400;">Liebe Spender,</p>
<p style="font-weight: 400;">wir bedauern sehr, dass es zurzeit so viele Fragen und Probleme rund um das Thema SEPA-Überweisung gibt. Leider haben viele Banken Schwierigkeiten bei der Umsetzung der neuen EU-Verordnung (VOP).</p>
<p style="font-weight: 400;">Diese beinhaltet, dass seit 9. Oktober 2025 bei SEPA-Überweisungen in der EU der IBAN-Abgleich mit dem Empfängernamen Pflicht ist. Viele Überweisungen werden mit dem Hinweis „keine Übereinstimmung“ abgewiesen.</p>
<p style="font-weight: 400;">Auch unsere Hausbank kann, entgegen unserem Infobrief aus September 2025, die von uns angegebenen Zahlungsempfängerdaten zurzeit noch nicht umsetzen.</p>
<p style="font-weight: 400;">Daher folgende <strong>Zwischenlösung</strong> für Spenden an die VM-International in dieser Übergangszeit:</p>

		</div>
	</div>
<div class="vc_row element-row vc_inner row schatten vc_custom_1760964745452 vc_row-has-fill"><div class="wpb_column vc_column_container vc_col-sm-4"><div class="vc_column-inner"><div class="wpb_wrapper">
	<div class="wpb_text_column wpb_content_element" >
		<div class="wpb_wrapper">
			<h3 style="font-weight: 400;"><u>VM-International e.V.</u></h3>
<p style="font-weight: 400;">Recipient:<br />
<strong>VM-International e.V.<br />
</strong>IBAN: <strong>DE85 3702 0500 0001 3599 00</strong></p>

		</div>
	</div>
</div></div></div><div class="wpb_column vc_column_container vc_col-sm-4"><div class="vc_column-inner"><div class="wpb_wrapper">
	<div class="wpb_text_column wpb_content_element" >
		<div class="wpb_wrapper">
			<h3 style="font-weight: 400;"><u>BFP VM-International KdöR</u></h3>
<p style="font-weight: 400;">Recipient: <strong>Bund Freikirchlicher Pfingstgemeinden KdöR<br />
</strong>IBAN: <strong>DE93 3702 0500 0004 0129 00</strong></p>

		</div>
	</div>
</div></div></div><div class="wpb_column vc_column_container vc_col-sm-4"><div class="vc_column-inner"><div class="wpb_wrapper">
	<div class="wpb_text_column wpb_content_element" >
		<div class="wpb_wrapper">
			<h3 style="font-weight: 400;"><u>Förder-Stiftung VM-International</u></h3>
<p style="font-weight: 400;">Recipient: <strong>Bund Freikirchlicher Pfingstgemeinden KdöR<br />
</strong>IBAN: <strong>DE34 3702 0500 0004 2811 00</strong></p>

		</div>
	</div>
</div></div></div></div>
	<div class="wpb_text_column wpb_content_element" >
		<div class="wpb_wrapper">
			<h2 style="text-align: center;"><span style="color: #993300;"><strong>Bitte auf die genaue Schreibweise achten!</strong></span></h2>

		</div>
	</div>

	<div class="wpb_text_column wpb_content_element" >
		<div class="wpb_wrapper">
			<p style="font-weight: 400;">Diese EU-Verordnung betrifft nur Einzelüberweisungen, neue oder geänderte Daueraufträge. <strong>Bereits bestehende Daueraufträge sind von dieser Regelung nicht betroffen.</strong></p>
<p style="font-weight: 400;"><u>Ebenfalls gut zu wissen</u><strong>:</strong> Auch wenn die Prüfung fehlschlägt, also “keine Übereinstimmung“ gemeldet wird, können Nutzer die Überweisung, nach sorgfältiger Prüfung der IBAN, auf eigenes Risiko dennoch durchführen. In vielen Fällen liegt der Fehler schlicht am abweichenden Namen.</p>
<p style="font-weight: 400;">Wir sind im intensiven Austausch mit unserer Hausbank und hoffen sehr, dass hier bald eine gute Lösung gefunden wird. Wir halten euch an dieser Stelle auf dem Laufenden: https:\\www.vm-international.de\bankingnews</p>
<p style="font-weight: 400;">Für unsere weltweite Arbeit sind eure Spenden eine ganz entscheidende Grundlage und so hoffen wir, dass die derzeitigen technischen Herausforderungen schnell gelöst werden können.</p>
<p><span style="font-weight: 400;">Danke für eure Unterstützung und Danke für eure Geduld!</span></p>

		</div>
	</div>
</div></div></div></div>
</div>

Wichtige Information zur Empfängerüberprüfung 20. Oktober 2025 Liebe Spender, wir bedauern sehr, dass es zurzeit so viele Fragen und Probleme [...]
