{"id":3568,"date":"2025-02-28T01:18:33","date_gmt":"2025-02-28T00:18:33","guid":{"rendered":"https:\/\/vm-international.de\/?page_id=3568"},"modified":"2025-03-04T11:03:17","modified_gmt":"2025-03-04T10:03:17","slug":"webinar","status":"publish","type":"page","link":"https:\/\/vm-international.de\/en\/webinar\/","title":{"rendered":"Webinar Einf\u00fchrung K\u00fcnstliche Intelligenz"},"content":{"rendered":"<div class=\"wpb-content-wrapper\"><div class=\"vc_row element-row row highend_69f7430213d05\"><div class=\"wpb_column vc_column_container vc_col-sm-12\"><div class=\"vc_column-inner\"><div class=\"wpb_wrapper\">\n\t<div class=\"wpb_text_column wpb_content_element\" >\n\t\t<div class=\"wpb_wrapper\">\n\t\t\t<h1 style=\"text-align: center;\"><strong>EINF\u00dcHRUNG IN DIE<br \/>\nK\u00dcNSTLICHE INTELLIGENZ<\/strong><\/h1>\n\n\t\t<\/div>\n\t<\/div>\n<\/div><\/div><\/div><\/div><div class=\"vc_row element-row row highend_69f743021441f\"><div class=\"wpb_column vc_column_container vc_col-sm-3\"><div class=\"vc_column-inner vc_custom_1740704649545\"><div class=\"wpb_wrapper\">\n\t<div class=\"wpb_text_column wpb_content_element vc_custom_1740704678781\" >\n\t\t<div class=\"wpb_wrapper\">\n\t\t\t<p><img loading=\"lazy\" decoding=\"async\" class=\"alignleft wp-image-3579 size-full\" style=\"padding: 0; margin: 0;\" src=\"https:\/\/vm-international.de\/wp-content\/uploads\/2025\/02\/martin_k___Ultra-realistic_photo_of_a_man_in_a_modern_smart_h_ea1b2212-1f43-43e0-9c62-b9aac22fadcb_1.png\" alt=\"\" width=\"816\" height=\"1456\" srcset=\"https:\/\/vm-international.de\/wp-content\/uploads\/2025\/02\/martin_k___Ultra-realistic_photo_of_a_man_in_a_modern_smart_h_ea1b2212-1f43-43e0-9c62-b9aac22fadcb_1.png 816w, https:\/\/vm-international.de\/wp-content\/uploads\/2025\/02\/martin_k___Ultra-realistic_photo_of_a_man_in_a_modern_smart_h_ea1b2212-1f43-43e0-9c62-b9aac22fadcb_1-168x300.png 168w, https:\/\/vm-international.de\/wp-content\/uploads\/2025\/02\/martin_k___Ultra-realistic_photo_of_a_man_in_a_modern_smart_h_ea1b2212-1f43-43e0-9c62-b9aac22fadcb_1-574x1024.png 574w, https:\/\/vm-international.de\/wp-content\/uploads\/2025\/02\/martin_k___Ultra-realistic_photo_of_a_man_in_a_modern_smart_h_ea1b2212-1f43-43e0-9c62-b9aac22fadcb_1-768x1370.png 768w\" sizes=\"auto, (max-width: 816px) 100vw, 816px\" \/><\/p>\n\n\t\t<\/div>\n\t<\/div>\n<\/div><\/div><\/div><div class=\"wpb_column vc_column_container vc_col-sm-9\"><div class=\"vc_column-inner vc_custom_1740705470404\"><div class=\"wpb_wrapper\">\n\t<div class=\"wpb_text_column wpb_content_element\" >\n\t\t<div class=\"wpb_wrapper\">\n\t\t\t<p>K\u00fcnstliche Intelligenz (KI) ist l\u00e4ngst Teil unseres Alltags \u2013 doch wie kann sie sinnvoll in Gemeinden eingesetzt werden? Von automatisierten Texten f\u00fcr Gemeindebriefe bis hin zu kreativen Impulsen f\u00fcr Predigten und Social Media: KI kann entlasten, inspirieren und neue M\u00f6glichkeiten f\u00fcr die Gemeindearbeit er\u00f6ffnen.<\/p>\n<p>In unserer Einf\u00fchrung zeigen wir praxisnah, wie KI-Tools funktionieren und wie sie die Gemeindearbeit unterst\u00fctzen k\u00f6nnen \u2013 ethisch verantwortungsvoll und mit klarem Blick auf den Mehrwert f\u00fcr Menschen und Mission.<\/p>\n<p data-start=\"0\" data-end=\"29\"><strong data-start=\"3\" data-end=\"27\">Melde dich jetzt an!<\/strong><\/p>\n<p data-start=\"31\" data-end=\"287\">Sei dabei und erfahre, wie du KI gezielt f\u00fcr deine Gemeinde nutzen kannst! In unserem Webinar erh\u00e4ltst du praxisnahe Einblicke, konkrete Anwendungsbeispiele und wertvolle Tipps f\u00fcr den sinnvollen Einsatz von K\u00fcnstlicher Intelligenz in der Gemeindearbeit.<\/p>\n<p data-start=\"289\" data-end=\"374\">\ud83d\udcc5 <strong data-start=\"292\" data-end=\"302\">Datum:<\/strong> 10. April 2025<br data-start=\"316\" data-end=\"319\" \/>\ud83d\udd52 <strong data-start=\"322\" data-end=\"334\">Uhrzeit:<\/strong> 19:30-21:00 Uhr<br data-start=\"348\" data-end=\"351\" data-is-only-node=\"\" \/>\ud83d\udccd <strong data-start=\"354\" data-end=\"372\">Online-Webinar Zoom<\/strong><\/p>\n<p data-start=\"289\" data-end=\"374\">Lass dich inspirieren und entdecke, wie KI deine Gemeinde bereichern kann!<\/p>\n<a href=\"https:\/\/vm-international.de\/en\/tools\/kontaktdaten\/webinar\/\" class=\"hb-button hb-pomegranate hb-default-button no-three-d\" target=\"_self\" style=\"-webkit-border-radius: 2px;-moz-border-radius: 2px;border-radius: 2px;\">Jetzt kostenlos anmelden!<\/a>\n\n\t\t<\/div>\n\t<\/div>\n<\/div><\/div><\/div><\/div><div data-vc-full-width=\"true\" data-vc-full-width-init=\"false\" class=\"vc_row element-row row vc_custom_1740705395929 vc_row-has-fill highend_vc_custom_1740705395929\"><div class=\"fw-content-wrap\"><div class=\"vc_row\"><div class=\"wpb_column vc_column_container vc_col-sm-8\"><div class=\"vc_column-inner vc_custom_1740705507191\"><div class=\"wpb_wrapper\">\n\t<div class=\"wpb_text_column wpb_content_element\" >\n\t\t<div class=\"wpb_wrapper\">\n\t\t\t<h2><strong><span style=\"color: #ffffff;\">Sprecher Martin K\u00f6rber<\/span><\/strong><\/h2>\n<p><span style=\"color: #ffffff;\">Martin K\u00f6rber ist seit 2019 mit seiner Familie als Missionar auf den Philippinen und arbeitet mit Asia Pacific Media im Bereich Medien und Technologie. Sein Fokus liegt auf Webtechnologien und K\u00fcnstlicher Intelligenz (KI) zur Unterst\u00fctzung von Gemeinden. Schon fr\u00fch von Technologie fasziniert, ist er heute ein gefragter Experte und Sprecher f\u00fcr KI in Kirche und Mission.<\/span><\/p>\n\n\t\t<\/div>\n\t<\/div>\n<\/div><\/div><\/div><div class=\"wpb_column vc_column_container vc_col-sm-4\"><div class=\"vc_column-inner\"><div class=\"wpb_wrapper\">\n\t<div class=\"wpb_text_column wpb_content_element\" >\n\t\t<div class=\"wpb_wrapper\">\n\t\t\t<p><img loading=\"lazy\" decoding=\"async\" class=\"alignright wp-image-3588 size-medium\" src=\"https:\/\/vm-international.de\/wp-content\/uploads\/2025\/02\/Matrtin-Square-Bw-300x300.jpg\" alt=\"\" width=\"300\" height=\"300\" srcset=\"https:\/\/vm-international.de\/wp-content\/uploads\/2025\/02\/Matrtin-Square-Bw-300x300.jpg 300w, https:\/\/vm-international.de\/wp-content\/uploads\/2025\/02\/Matrtin-Square-Bw-1024x1024.jpg 1024w, https:\/\/vm-international.de\/wp-content\/uploads\/2025\/02\/Matrtin-Square-Bw-150x150.jpg 150w, https:\/\/vm-international.de\/wp-content\/uploads\/2025\/02\/Matrtin-Square-Bw-768x768.jpg 768w, https:\/\/vm-international.de\/wp-content\/uploads\/2025\/02\/Matrtin-Square-Bw.jpg 1343w\" sizes=\"auto, (max-width: 300px) 100vw, 300px\" \/><\/p>\n\n\t\t<\/div>\n\t<\/div>\n<\/div><\/div><\/div><style type=\"text\/css\">.highend_vc_custom_1740705395929{background-color: #4E4E4E;}<\/style><\/div><\/div><\/div><div class=\"vc_row-full-width vc_clearfix\"><\/div>\n<\/div>","protected":false},"excerpt":{"rendered":"EINF\u00dcHRUNG IN DIE K\u00dcNSTLICHE INTELLIGENZ K\u00fcnstliche Intelligenz (KI) ist l\u00e4ngst Teil unseres Alltags \u2013 doch wie kann sie sinnvoll in [...]","protected":false},"author":1,"featured_media":3569,"parent":0,"menu_order":0,"comment_status":"closed","ping_status":"closed","template":"","meta":{"footnotes":""},"class_list":["post-3568","page","type-page","status-publish","has-post-thumbnail","hentry"],"_links":{"self":[{"href":"https:\/\/vm-international.de\/en\/wp-json\/wp\/v2\/pages\/3568","targetHints":{"allow":["GET"]}}],"collection":[{"href":"https:\/\/vm-international.de\/en\/wp-json\/wp\/v2\/pages"}],"about":[{"href":"https:\/\/vm-international.de\/en\/wp-json\/wp\/v2\/types\/page"}],"author":[{"embeddable":true,"href":"https:\/\/vm-international.de\/en\/wp-json\/wp\/v2\/users\/1"}],"replies":[{"embeddable":true,"href":"https:\/\/vm-international.de\/en\/wp-json\/wp\/v2\/comments?post=3568"}],"version-history":[{"count":23,"href":"https:\/\/vm-international.de\/en\/wp-json\/wp\/v2\/pages\/3568\/revisions"}],"predecessor-version":[{"id":3597,"href":"https:\/\/vm-international.de\/en\/wp-json\/wp\/v2\/pages\/3568\/revisions\/3597"}],"wp:featuredmedia":[{"embeddable":true,"href":"https:\/\/vm-international.de\/en\/wp-json\/wp\/v2\/media\/3569"}],"wp:attachment":[{"href":"https:\/\/vm-international.de\/en\/wp-json\/wp\/v2\/media?parent=3568"}],"curies":[{"name":"wp","href":"https:\/\/api.w.org\/{rel}","templated":true}]}}

Webinar Einführung Künstliche Intelligenz

<div class="wpb-content-wrapper"><div class="vc_row element-row row highend_69f7430213d05"><div class="wpb_column vc_column_container vc_col-sm-12"><div class="vc_column-inner"><div class="wpb_wrapper">
	<div class="wpb_text_column wpb_content_element" >
		<div class="wpb_wrapper">
			<h1 style="text-align: center;"><strong>EINFÜHRUNG IN DIE<br />
KÜNSTLICHE INTELLIGENZ</strong></h1>

		</div>
	</div>
</div></div></div></div><div class="vc_row element-row row highend_69f743021441f"><div class="wpb_column vc_column_container vc_col-sm-3"><div class="vc_column-inner vc_custom_1740704649545"><div class="wpb_wrapper">
	<div class="wpb_text_column wpb_content_element vc_custom_1740704678781" >
		<div class="wpb_wrapper">
			<p><img loading="lazy" decoding="async" class="alignleft wp-image-3579 size-full" style="padding: 0; margin: 0;" src="https://vm-international.de/wp-content/uploads/2025/02/martin_k___Ultra-realistic_photo_of_a_man_in_a_modern_smart_h_ea1b2212-1f43-43e0-9c62-b9aac22fadcb_1.png" alt="" width="816" height="1456" srcset="https://vm-international.de/wp-content/uploads/2025/02/martin_k___Ultra-realistic_photo_of_a_man_in_a_modern_smart_h_ea1b2212-1f43-43e0-9c62-b9aac22fadcb_1.png 816w, https://vm-international.de/wp-content/uploads/2025/02/martin_k___Ultra-realistic_photo_of_a_man_in_a_modern_smart_h_ea1b2212-1f43-43e0-9c62-b9aac22fadcb_1-168x300.png 168w, https://vm-international.de/wp-content/uploads/2025/02/martin_k___Ultra-realistic_photo_of_a_man_in_a_modern_smart_h_ea1b2212-1f43-43e0-9c62-b9aac22fadcb_1-574x1024.png 574w, https://vm-international.de/wp-content/uploads/2025/02/martin_k___Ultra-realistic_photo_of_a_man_in_a_modern_smart_h_ea1b2212-1f43-43e0-9c62-b9aac22fadcb_1-768x1370.png 768w" sizes="auto, (max-width: 816px) 100vw, 816px" /></p>

		</div>
	</div>
</div></div></div><div class="wpb_column vc_column_container vc_col-sm-9"><div class="vc_column-inner vc_custom_1740705470404"><div class="wpb_wrapper">
	<div class="wpb_text_column wpb_content_element" >
		<div class="wpb_wrapper">
			<p>Künstliche Intelligenz (KI) ist längst Teil unseres Alltags – doch wie kann sie sinnvoll in Gemeinden eingesetzt werden? Von automatisierten Texten für Gemeindebriefe bis hin zu kreativen Impulsen für Predigten und Social Media: KI kann entlasten, inspirieren und neue Möglichkeiten für die Gemeindearbeit eröffnen.</p>
<p>In unserer Einführung zeigen wir praxisnah, wie KI-Tools funktionieren und wie sie die Gemeindearbeit unterstützen können – ethisch verantwortungsvoll und mit klarem Blick auf den Mehrwert für Menschen und Mission.</p>
<p data-start="0" data-end="29"><strong data-start="3" data-end="27">Melde dich jetzt an!</strong></p>
<p data-start="31" data-end="287">Sei dabei und erfahre, wie du KI gezielt für deine Gemeinde nutzen kannst! In unserem Webinar erhältst du praxisnahe Einblicke, konkrete Anwendungsbeispiele und wertvolle Tipps für den sinnvollen Einsatz von Künstlicher Intelligenz in der Gemeindearbeit.</p>
<p data-start="289" data-end="374">📅 <strong data-start="292" data-end="302">Datum:</strong> 10. April 2025<br data-start="316" data-end="319" />🕒 <strong data-start="322" data-end="334">Uhrzeit:</strong> 19:30-21:00 Uhr<br data-start="348" data-end="351" data-is-only-node="" />📍 <strong data-start="354" data-end="372">Online-Webinar Zoom</strong></p>
<p data-start="289" data-end="374">Lass dich inspirieren und entdecke, wie KI deine Gemeinde bereichern kann!</p>
<a href="https://vm-international.de/en/tools/kontaktdaten/webinar/" class="hb-button hb-pomegranate hb-default-button no-three-d" target="_self" style="-webkit-border-radius: 2px;-moz-border-radius: 2px;border-radius: 2px;">Jetzt kostenlos anmelden!</a>

		</div>
	</div>
</div></div></div></div><div data-vc-full-width="true" data-vc-full-width-init="false" class="vc_row element-row row vc_custom_1740705395929 vc_row-has-fill highend_vc_custom_1740705395929"><div class="fw-content-wrap"><div class="vc_row"><div class="wpb_column vc_column_container vc_col-sm-8"><div class="vc_column-inner vc_custom_1740705507191"><div class="wpb_wrapper">
	<div class="wpb_text_column wpb_content_element" >
		<div class="wpb_wrapper">
			<h2><strong><span style="color: #ffffff;">Sprecher Martin Körber</span></strong></h2>
<p><span style="color: #ffffff;">Martin Körber ist seit 2019 mit seiner Familie als Missionar auf den Philippinen und arbeitet mit Asia Pacific Media im Bereich Medien und Technologie. Sein Fokus liegt auf Webtechnologien und Künstlicher Intelligenz (KI) zur Unterstützung von Gemeinden. Schon früh von Technologie fasziniert, ist er heute ein gefragter Experte und Sprecher für KI in Kirche und Mission.</span></p>

		</div>
	</div>
</div></div></div><div class="wpb_column vc_column_container vc_col-sm-4"><div class="vc_column-inner"><div class="wpb_wrapper">
	<div class="wpb_text_column wpb_content_element" >
		<div class="wpb_wrapper">
			<p><img loading="lazy" decoding="async" class="alignright wp-image-3588 size-medium" src="https://vm-international.de/wp-content/uploads/2025/02/Matrtin-Square-Bw-300x300.jpg" alt="" width="300" height="300" srcset="https://vm-international.de/wp-content/uploads/2025/02/Matrtin-Square-Bw-300x300.jpg 300w, https://vm-international.de/wp-content/uploads/2025/02/Matrtin-Square-Bw-1024x1024.jpg 1024w, https://vm-international.de/wp-content/uploads/2025/02/Matrtin-Square-Bw-150x150.jpg 150w, https://vm-international.de/wp-content/uploads/2025/02/Matrtin-Square-Bw-768x768.jpg 768w, https://vm-international.de/wp-content/uploads/2025/02/Matrtin-Square-Bw.jpg 1343w" sizes="auto, (max-width: 300px) 100vw, 300px" /></p>

		</div>
	</div>
</div></div></div><style type="text/css">.highend_vc_custom_1740705395929{background-color: #4E4E4E;}</style></div></div></div><div class="vc_row-full-width vc_clearfix"></div>
</div>

EINFÜHRUNG IN DIE KÜNSTLICHE INTELLIGENZ Künstliche Intelligenz (KI) ist längst Teil unseres Alltags – doch wie kann sie sinnvoll in [...]
