{"id":1279,"date":"2019-06-18T08:49:20","date_gmt":"2019-06-18T06:49:20","guid":{"rendered":"https:\/\/www.vm-int.de\/?page_id=1279"},"modified":"2024-08-28T03:03:42","modified_gmt":"2024-08-28T01:03:42","slug":"impressum","status":"publish","type":"page","link":"https:\/\/vm-international.de\/en\/impressum\/","title":{"rendered":"Impressum"},"content":{"rendered":"<div class=\"wpb-content-wrapper\"><div class=\"vc_row element-row row vc_custom_1555570924897 highend_vc_custom_1555570924897\"><div class=\"wpb_column vc_column_container vc_col-sm-12\"><div class=\"vc_column-inner\"><div class=\"wpb_wrapper\">\n\t<div class=\"wpb_text_column wpb_content_element vc_custom_1724807019569\" >\n\t\t<div class=\"wpb_wrapper\">\n\t\t\t<h1 style=\"text-align: center;\">Impressum<\/h1>\n<h3 style=\"text-align: center;\"><strong>(Stand 28. August 2024)<\/strong><\/h3>\n\n\t\t<\/div>\n\t<\/div>\n<div class=\"vc_separator wpb_content_element vc_separator_align_center vc_sep_width_100 vc_sep_pos_align_center vc_separator_no_text vc_custom_1556104368991 wpb_content_element  vc_custom_1556104368991 wpb_content_element\" ><span class=\"vc_sep_holder vc_sep_holder_l\"><span style=\"border-color:#bababa;\" class=\"vc_sep_line\"><\/span><\/span><span class=\"vc_sep_holder vc_sep_holder_r\"><span style=\"border-color:#bababa;\" class=\"vc_sep_line\"><\/span><\/span>\n<\/div><\/div><\/div><\/div><\/div><div class=\"vc_row element-row row highend_69f73b7dcdca6\"><div class=\"wpb_column vc_column_container vc_col-sm-12\"><div class=\"vc_column-inner\"><div class=\"wpb_wrapper\">\n\t<div class=\"wpb_text_column wpb_content_element\" >\n\t\t<div class=\"wpb_wrapper\">\n\t\t\t<p style=\"text-align: right;\"><span style=\"width: 100%;\"><a href=\"\/en\/www.vm-int.de\/struktur\/\" class=\"hb-button hb-default hb-default-button no-three-d\" target=\"_self\" style=\"-webkit-border-radius: 2px;-moz-border-radius: 2px;border-radius: 2px;\">Structure<\/a><\/span><\/p>\n<p>&nbsp;<\/p>\n<h2><span style=\"width: 100%;\">Angaben gem\u00e4\u00df \u00a7\u00a7 5, 6 DDG<br \/>\n<\/span><span style=\"width: 100%;\">Bund Freikirchlicher Pfingstgemeinden<br \/>\n<\/span><span style=\"width: 100%;\">Arbeitszweig VM-International Kd\u00f6R<\/span><\/h2>\n<p>Kollwitzstr. 8<br \/>\nD-42549 Velbert<\/p>\n<h2>Vertreten durch:<\/h2>\n<p>Herrn Reinhard Leistner (Leiter)<\/p>\n<h2>Contact:<\/h2>\n<p>Telefon: +49-(0)-2051-951717<br \/>\nTelefax: +49-(0)-2051-951716<br \/>\nE-Mail: office@vm-international.de<\/p>\n<h2>Verantwortlich f\u00fcr den Inhalt nach \u00a7 18 Abs. 2 MStV:<\/h2>\n<p>Reinhard Leistner<\/p>\n<p>&nbsp;<\/p>\n<p>Wir sind nicht bereit oder verpflichtet, an Streitbeilegungsverfahren vor einer Verbraucherschlichtungsstelle teilzunehmen.<\/p>\n<div class=\"vc_row wpb_row vc_row-fluid highend_5d08891e01e88\">\n<div class=\"wpb_column vc_column_container vc_col-sm-12\">\n<div class=\"vc_column-inner\">\n<div class=\"wpb_wrapper\">\n<div class=\"wpb_text_column wpb_content_element\">\n<div class=\"wpb_wrapper\">\n<p><strong>Haftung f\u00fcr Inhalte<br \/>\n<\/strong>Als Diensteanbieter sind wir gem\u00e4\u00df \u00a7 7 Abs.1 TMG f\u00fcr eigene Inhalte auf diesen Seiten nach den allgemeinen Gesetzen verantwortlich. Nach Artikel 4 und 5 des DAS sind wir als Diensteanbieter jedoch nicht verpflichtet, \u00fcbermittelte oder gespeicherte fremde Informationen zu \u00fcberwachen oder nach Umst\u00e4nden zu forschen, die auf eine rechtswidrige T\u00e4tigkeit hinweisen.<\/p>\n<p>Verpflichtungen zur Entfernung oder Sperrung der Nutzung von Informationen nach den allgemeinen Gesetzen bleiben hiervon unber\u00fchrt. Eine diesbez\u00fcgliche Haftung ist jedoch erst ab dem Zeitpunkt der Kenntnis einer konkreten Rechtsverletzung m\u00f6glich. Bei Bekanntwerden von entsprechenden Rechtsverletzungen werden wir diese Inhalte umgehend entfernen.<\/p>\n<p><strong>Haftung f\u00fcr Links<br \/>\n<\/strong>Unser Angebot enth\u00e4lt Links zu externen Webseiten Dritter, auf deren Inhalte wir keinen Einfluss haben. Deshalb k\u00f6nnen wir f\u00fcr diese fremden Inhalte auch keine Gew\u00e4hr \u00fcbernehmen. F\u00fcr die Inhalte der verlinkten Seiten ist stets der jeweilige Anbieter oder Betreiber der Seiten verantwortlich. Die verlinkten Seiten wurden zum Zeitpunkt der<\/p>\n<p>Verlinkung auf m\u00f6gliche Rechtsverst\u00f6\u00dfe \u00fcberpr\u00fcft. Rechtswidrige Inhalte waren zum Zeitpunkt der Verlinkung nicht erkennbar.<\/p>\n<p>Eine permanente inhaltliche Kontrolle der verlinkten Seiten ist jedoch ohne konkrete Anhaltspunkte einer Rechtsverletzung nicht zumutbar. Bei Bekanntwerden von Rechtsverletzungen werden wir derartige Links umgehend entfernen.<\/p>\n<p><strong>Urheberrecht<br \/>\n<\/strong>Die durch die Seitenbetreiber erstellten Inhalte und Werke auf diesen Seiten unterliegen dem deutschen Urheberrecht. Die Vervielf\u00e4ltigung, Bearbeitung, Verbreitung und jede Art der Verwertung au\u00dferhalb der Grenzen des Urheberrechtes bed\u00fcrfen der schriftlichen Zustimmung des jeweiligen Autors bzw. Erstellers. Downloads und Kopien dieser Seite sind nur f\u00fcr den privaten, nicht kommerziellen Gebrauch gestattet.<\/p>\n<p>Soweit die Inhalte auf dieser Seite nicht vom Betreiber erstellt wurden, werden die Urheberrechte Dritter beachtet. Insbesondere werden Inhalte Dritter als solche gekennzeichnet. Sollten Sie trotzdem auf eine Urheberrechtsverletzung aufmerksam werden, bitten wir um einen entsprechenden Hinweis. Bei Bekanntwerden von Rechtsverletzungen werden wir derartige Inhalte umgehend entfernen.<\/p>\n<p>Quelle: eRecht24<\/p>\n<\/div>\n<\/div>\n<\/div>\n<\/div>\n<\/div>\n<\/div>\n<div class=\"vc_row wpb_row vc_row-fluid highend_5d08891e045a3\">\n<div class=\"wpb_column vc_column_container vc_col-sm-12\">\n<div class=\"vc_column-inner\">\n<div class=\"wpb_wrapper\">\n<div class=\"wpb_text_column wpb_content_element\">\n<div class=\"wpb_wrapper\">\n<div>Icons made by <a title=\"Freepik\" href=\"https:\/\/www.freepik.com\/\">Freepik<\/a>, <a title=\"OCHA\" href=\"https:\/\/www.flaticon.com\/authors\/ocha\">OCHA<\/a> from <a title=\"Flaticon\" href=\"https:\/\/www.flaticon.com\/\">www.flaticon.com<\/a> is licensed by <a title=\"Creative Commons BY 3.0\" href=\"https:\/\/creativecommons.org\/licenses\/by\/3.0\/\">CC BY 3.0<\/a><\/div>\n<div>Bilder: Pixabay.com<\/div>\n<\/div>\n<\/div>\n<\/div>\n<\/div>\n<\/div>\n<\/div>\n\n\t\t<\/div>\n\t<\/div>\n<\/div><\/div><\/div><\/div>\n<\/div>","protected":false},"excerpt":{"rendered":"Impressum (Stand 28. August 2024) Struktur &nbsp; Angaben gem\u00e4\u00df \u00a7\u00a7 5, 6 DDG Bund Freikirchlicher Pfingstgemeinden Arbeitszweig VM-International Kd\u00f6R Kollwitzstr. [...]","protected":false},"author":1,"featured_media":1275,"parent":0,"menu_order":0,"comment_status":"closed","ping_status":"closed","template":"","meta":{"footnotes":""},"class_list":["post-1279","page","type-page","status-publish","has-post-thumbnail","hentry"],"_links":{"self":[{"href":"https:\/\/vm-international.de\/en\/wp-json\/wp\/v2\/pages\/1279","targetHints":{"allow":["GET"]}}],"collection":[{"href":"https:\/\/vm-international.de\/en\/wp-json\/wp\/v2\/pages"}],"about":[{"href":"https:\/\/vm-international.de\/en\/wp-json\/wp\/v2\/types\/page"}],"author":[{"embeddable":true,"href":"https:\/\/vm-international.de\/en\/wp-json\/wp\/v2\/users\/1"}],"replies":[{"embeddable":true,"href":"https:\/\/vm-international.de\/en\/wp-json\/wp\/v2\/comments?post=1279"}],"version-history":[{"count":16,"href":"https:\/\/vm-international.de\/en\/wp-json\/wp\/v2\/pages\/1279\/revisions"}],"predecessor-version":[{"id":3394,"href":"https:\/\/vm-international.de\/en\/wp-json\/wp\/v2\/pages\/1279\/revisions\/3394"}],"wp:featuredmedia":[{"embeddable":true,"href":"https:\/\/vm-international.de\/en\/wp-json\/wp\/v2\/media\/1275"}],"wp:attachment":[{"href":"https:\/\/vm-international.de\/en\/wp-json\/wp\/v2\/media?parent=1279"}],"curies":[{"name":"wp","href":"https:\/\/api.w.org\/{rel}","templated":true}]}}

<div class="wpb-content-wrapper"><div class="vc_row element-row row vc_custom_1555570924897 highend_vc_custom_1555570924897"><div class="wpb_column vc_column_container vc_col-sm-12"><div class="vc_column-inner"><div class="wpb_wrapper">
	<div class="wpb_text_column wpb_content_element vc_custom_1724807019569" >
		<div class="wpb_wrapper">
			<h1 style="text-align: center;">Impressum</h1>
<h3 style="text-align: center;"><strong>(Stand 28. August 2024)</strong></h3>

		</div>
	</div>
<div class="vc_separator wpb_content_element vc_separator_align_center vc_sep_width_100 vc_sep_pos_align_center vc_separator_no_text vc_custom_1556104368991 wpb_content_element  vc_custom_1556104368991 wpb_content_element" ><span class="vc_sep_holder vc_sep_holder_l"><span style="border-color:#bababa;" class="vc_sep_line"></span></span><span class="vc_sep_holder vc_sep_holder_r"><span style="border-color:#bababa;" class="vc_sep_line"></span></span>
</div></div></div></div></div><div class="vc_row element-row row highend_69f73b7dcdca6"><div class="wpb_column vc_column_container vc_col-sm-12"><div class="vc_column-inner"><div class="wpb_wrapper">
	<div class="wpb_text_column wpb_content_element" >
		<div class="wpb_wrapper">
			<p style="text-align: right;"><span style="width: 100%;"><a href="/en/www.vm-int.de/struktur/" class="hb-button hb-default hb-default-button no-three-d" target="_self" style="-webkit-border-radius: 2px;-moz-border-radius: 2px;border-radius: 2px;">Structure</a></span></p>
<p>&nbsp;</p>
<h2><span style="width: 100%;">Angaben gemäß §§ 5, 6 DDG<br />
</span><span style="width: 100%;">Bund Freikirchlicher Pfingstgemeinden<br />
</span><span style="width: 100%;">Arbeitszweig VM-International KdöR</span></h2>
<p>Kollwitzstr. 8<br />
D-42549 Velbert</p>
<h2>Vertreten durch:</h2>
<p>Herrn Reinhard Leistner (Leiter)</p>
<h2>Contact:</h2>
<p>Telefon: +49-(0)-2051-951717<br />
Telefax: +49-(0)-2051-951716<br />
E-Mail: office@vm-international.de</p>
<h2>Verantwortlich für den Inhalt nach § 18 Abs. 2 MStV:</h2>
<p>Reinhard Leistner</p>
<p>&nbsp;</p>
<p>Wir sind nicht bereit oder verpflichtet, an Streitbeilegungsverfahren vor einer Verbraucherschlichtungsstelle teilzunehmen.</p>
<div class="vc_row wpb_row vc_row-fluid highend_5d08891e01e88">
<div class="wpb_column vc_column_container vc_col-sm-12">
<div class="vc_column-inner">
<div class="wpb_wrapper">
<div class="wpb_text_column wpb_content_element">
<div class="wpb_wrapper">
<p><strong>Haftung für Inhalte<br />
</strong>Als Diensteanbieter sind wir gemäß § 7 Abs.1 TMG für eigene Inhalte auf diesen Seiten nach den allgemeinen Gesetzen verantwortlich. Nach Artikel 4 und 5 des DAS sind wir als Diensteanbieter jedoch nicht verpflichtet, übermittelte oder gespeicherte fremde Informationen zu überwachen oder nach Umständen zu forschen, die auf eine rechtswidrige Tätigkeit hinweisen.</p>
<p>Verpflichtungen zur Entfernung oder Sperrung der Nutzung von Informationen nach den allgemeinen Gesetzen bleiben hiervon unberührt. Eine diesbezügliche Haftung ist jedoch erst ab dem Zeitpunkt der Kenntnis einer konkreten Rechtsverletzung möglich. Bei Bekanntwerden von entsprechenden Rechtsverletzungen werden wir diese Inhalte umgehend entfernen.</p>
<p><strong>Haftung für Links<br />
</strong>Unser Angebot enthält Links zu externen Webseiten Dritter, auf deren Inhalte wir keinen Einfluss haben. Deshalb können wir für diese fremden Inhalte auch keine Gewähr übernehmen. Für die Inhalte der verlinkten Seiten ist stets der jeweilige Anbieter oder Betreiber der Seiten verantwortlich. Die verlinkten Seiten wurden zum Zeitpunkt der</p>
<p>Verlinkung auf mögliche Rechtsverstöße überprüft. Rechtswidrige Inhalte waren zum Zeitpunkt der Verlinkung nicht erkennbar.</p>
<p>Eine permanente inhaltliche Kontrolle der verlinkten Seiten ist jedoch ohne konkrete Anhaltspunkte einer Rechtsverletzung nicht zumutbar. Bei Bekanntwerden von Rechtsverletzungen werden wir derartige Links umgehend entfernen.</p>
<p><strong>Urheberrecht<br />
</strong>Die durch die Seitenbetreiber erstellten Inhalte und Werke auf diesen Seiten unterliegen dem deutschen Urheberrecht. Die Vervielfältigung, Bearbeitung, Verbreitung und jede Art der Verwertung außerhalb der Grenzen des Urheberrechtes bedürfen der schriftlichen Zustimmung des jeweiligen Autors bzw. Erstellers. Downloads und Kopien dieser Seite sind nur für den privaten, nicht kommerziellen Gebrauch gestattet.</p>
<p>Soweit die Inhalte auf dieser Seite nicht vom Betreiber erstellt wurden, werden die Urheberrechte Dritter beachtet. Insbesondere werden Inhalte Dritter als solche gekennzeichnet. Sollten Sie trotzdem auf eine Urheberrechtsverletzung aufmerksam werden, bitten wir um einen entsprechenden Hinweis. Bei Bekanntwerden von Rechtsverletzungen werden wir derartige Inhalte umgehend entfernen.</p>
<p>Quelle: eRecht24</p>
</div>
</div>
</div>
</div>
</div>
</div>
<div class="vc_row wpb_row vc_row-fluid highend_5d08891e045a3">
<div class="wpb_column vc_column_container vc_col-sm-12">
<div class="vc_column-inner">
<div class="wpb_wrapper">
<div class="wpb_text_column wpb_content_element">
<div class="wpb_wrapper">
<div>Icons made by <a title="Freepik" href="https://www.freepik.com/">Freepik</a>, <a title="OCHA" href="https://www.flaticon.com/authors/ocha">OCHA</a> from <a title="Flaticon" href="https://www.flaticon.com/">www.flaticon.com</a> is licensed by <a title="Creative Commons BY 3.0" href="https://creativecommons.org/licenses/by/3.0/">CC BY 3.0</a></div>
<div>Bilder: Pixabay.com</div>
</div>
</div>
</div>
</div>
</div>
</div>

		</div>
	</div>
</div></div></div></div>
</div>

Impressum (Stand 28. August 2024) Struktur &nbsp; Angaben gemäß §§ 5, 6 DDG Bund Freikirchlicher Pfingstgemeinden Arbeitszweig VM-International KdöR Kollwitzstr. [...]
